uppose -c = 5*h - 357, 3*c - 69 = -h + 4*c. Let q = 125 - h. Let g = q + -38. What is the units digit of g?
6
Let d(z) = -z**2 - z. Let a be d(0). Let f(g) = -g + 1. Let p(s) = -3*s + 32. Let n(w) = -2*f(w) + p(w). What is the units digit of n(a)?
0
Let r = -9 - -14. Suppose -6 = -r*o + 4. Suppose o*j + 18 = 5*j. What is the units digit of j?
6
Let v(s) = -518*s - 237. What is the units digit of v(-3)?
7
What is the tens digit of ((-2304)/7)/(92/(-1288))?
0
What is the thousands digit of -1 + (-32)/(-56) + (-16145)/(-7)?
2
Let p = -287 + 425. What is the hundreds digit of p?
1
Suppose -5*t + 4*m + 1050 = 0, -t + m + 86 = -124. What is the hundreds digit of t?
2
Let s = -10 + 4. Let z be ((-100)/s)/((-2)/12). What is the tens digit of (z + 13)*1/(-3)?
2
Let y(t) = t**3 + 9*t**2 - 10*t - 9. Let h be y(-10). Suppose -a = 2*n - 3*a - 44, 0 = -3*n - a + 82. Let c = n + h. What is the tens digit of c?
1
Let h = 4 - 2. Let y be (-1)/((-22)/(-12) - h). What is the units digit of -4*(-4)/(16/y)?
6
Let m(v) = -v**2 - 7*v - 2. Let f be m(-3). Let k = f - 10. What is the units digit of (k/(-4) + -1)*-17?
7
What is the units digit of ((-2)/4)/(6/(-6108))?
9
What is the tens digit of 15 - 2 - -5308 - (-1 + 7)?
1
Let y(m) = m**3 + 6*m**2 + 2*m + 5. Let w be y(-5). Suppose 0*t + w = 5*t. Suppose -t*l + 70 = 6. What is the tens digit of l?
1
Suppose -5*s + 2493 = d - 5*d, 2499 = 5*s - 2*d. What is the units digit of s?
1
Let i(k) = -797*k - 54. What is the units digit of i(-3)?
7
Suppose 3*y = -3 + 21. Suppose y*o - o = 3*s - 57, 3*s - 4*o - 54 = 0. What is the units digit of s?
4
Suppose 4*r + 8 = -3*v + 1, -30 = -5*r + 4*v. Let g(a) = 21*a**3 - 3*a**2 + 8*a - 6. What is the hundreds digit of g(r)?
1
Suppose -114 = -3*s - 0*g + 3*g, 4*g + 192 = 5*s. What is the units digit of s?
0
What is the hundreds digit of (-401)/(-5)*49 - (-22)/110?
9
Let m(o) = o**2 + 5*o + 3. Let f be m(-5). Suppose 2 - 22 = -4*j, 3*c = f*j - 15. Suppose c*b - b = 3*y - 39, -2*y - b + 26 = 0. What is the tens digit of y?
1
Let n be (10 + -5)*2/(-2). Let d = 1 - n. What is the units digit of -4 + 1 - (-144)/d?
1
Let s = -24 - -145. What is the hundreds digit of s?
1
Let k be (4/1 + -3)*2. Suppose -4*g - o + 7 = -k, 3*o = 4*g - 21. What is the units digit of (2 - 4/g)*12?
8
Let c(m) = 24*m + 245*m**2 - 121*m**2 - 125*m**2 - 19. What is the hundreds digit of c(9)?
1
Suppose -2*g + 2*b - 4*b = -4, -4*g + 5 = 3*b. What is the hundreds digit of (2 - -4)/(g/(-17))?
1
Let m be (6/(-4))/((-6)/(-8)). Let v(l) be the third derivative of 2*l**5/15 + l**4/6 + l**3/3 + 139*l**2. What is the units digit of v(m)?
6
Let f(i) = -i**3 + 5*i**2 - 3*i + 4. Suppose u + 5 = 9. What is the units digit of f(u)?
8
Suppose 2008 - 8798 = -5*g. What is the thousands digit of g?
1
Suppose a + 4*y - 404 = -y, 0 = -5*y. Suppose -4*c = -a + 72. What is the units digit of c?
3
Let a be (3/15 - 1)*-5. Let d(q) = -9 + 0*q + 2*q + 0*q - q**3 + a*q - 7*q**2. What is the units digit of d(-8)?
7
Let p = 354 - 172. Suppose 4*m - t - p - 166 = 0, 5*t - 261 = -3*m. What is the units digit of m?
7
Suppose 48*t + 18828 = 60*t. What is the units digit of t?
9
Let v be (-6)/(-16) + ((-1365)/(-56))/15. Suppose p + 2 = 7, -v*p - 362 = -2*x. What is the tens digit of x?
8
Suppose -4*v + 5 = v, 608 = 3*k - 4*v. Let c = 345 - k. What is the hundreds digit of c?
1
Let r be (3/3)/(3/6). Suppose 3*u - 1 + 12 = r*i, 4*u = -4*i - 8. Let v = i + 33. What is the units digit of v?
4
Let a = 1040 - 655. What is the hundreds digit of a?
3
Suppose -2*z + 17 = -3*z. Let c = z + 21. What is the units digit of 4608/153 - c/34?
0
Let l(w) be the third derivative of 4*w**5/15 + w**4/4 - w**3/2 - 14*w**2. What is the tens digit of l(4)?
7
Suppose 21*g - 3697 = 18227. What is the thousands digit of g?
1
Suppose -2*p + 487 = 2*o - 4821, 4*p - 13268 = -5*o. What is the hundreds digit of o?
6
What is the units digit of (270/60)/(0 - 1/(-14))?
3
Let c(f) = -f**3 + 4*f**2 + 6*f. Suppose 16 = 3*t - 4*a, 0*a + 12 = 4*t - 3*a. Suppose 2*s + 2 + 0 = -4*d, t = -2*d - 6. What is the units digit of c(s)?
5
Let j = 1492 + -1042. What is the hundreds digit of j?
4
Suppose z - 4 = 0, -1265 = -3*q - z - 283. Suppose 3*d = -2*j + q, -3*d - 330 = -6*d - 3*j. What is the tens digit of d?
0
Let z(n) = n**2 - 19*n - 189. What is the tens digit of z(-9)?
6
Suppose -169205 - 198320 = -61*l. What is the thousands digit of l?
6
Let s(c) = c**3 + 42*c**2 - 174*c + 68. What is the thousands digit of s(-45)?
1
Let o = -529 - -528. Let b = -16 - -23. What is the units digit of 5 + -8 + (b - o)?
5
Let p(j) = -j**3 - 18*j**2 - 11*j + 6. Let x be p(-16). Let b = -190 - x. What is the hundreds digit of b?
1
Suppose -4*y - 14376 = -4*b, 2*y + 5540 = -3*b + 16342. What is the hundreds digit of b?
5
Let a(d) = d**3 - 4*d**2 - 2*d + 2. Let j be a(4). Let m be ((-4)/j)/((-1)/(-3)). Suppose -m*v - 2 = -50. What is the units digit of v?
4
Let v(y) = -8*y**2 + y. Let n be v(-1). Let b = 20 - n. What is the units digit of (b + 1)/(39/52)?
0
Suppose -2*q + 6*x + 689 = 3*x, 3*q + 5*x = 1081. Suppose 4*w = 72 + q. What is the hundreds digit of w?
1
Let r(d) = -7*d - 73. What is the units digit of r(-30)?
7
Suppose -74 = -t + 86. What is the units digit of t?
0
Let y = 19 + -32. Let f = y + 13. Suppose -2*v = -f*v - p - 41, -5*v + 3*p = -103. What is the units digit of v?
0
Let l(v) = -481*v**3 - v**2 - 2*v - 1. Let z be l(-1). Suppose -g = 3*m + 346 - 1071, z = 2*m + 3*g. What is the hundreds digit of m?
2
Let p = -1462 - -2368. What is the units digit of p?
6
Let b = -467 - -312. What is the units digit of b/10*-4 - -2?
4
Let d = 448 - -385. What is the units digit of d?
3
What is the tens digit of 7*6/21*29?
5
Let u = -603 - -903. What is the hundreds digit of u?
3
Let c(h) = -h**3 + 6*h**2 + 5. Let v be c(6). Suppose 0*j - 2*j + 4 = 2*z, -v*z - j = -10. Suppose -9 = 5*n - 4, z*t + 3*n = 65. What is the tens digit of t?
3
Let v be 4*(-1)/(-4) + 2. Suppose -v*d - 224 = 2*r, 2*d = -r - r - 146. Let l = -53 - d. What is the tens digit of l?
2
Let q = -120 - -235. What is the hundreds digit of q?
1
Suppose -3*w = -3*y - 348, 0 = 3*y - 1 - 8. What is the hundreds digit of w?
1
Let g(o) = -12*o**2 + 10 + 3*o + 0*o - 5*o - o - 4*o**3. Let v(d) = 11*d**3 + 35*d**2 + 9*d - 29. Let x(q) = -8*g(q) - 3*v(q). What is the units digit of x(-9)?
4
Suppose 2*c - u + 45 = -10, 5*u - 130 = 5*c. What is the tens digit of (69/6)/(c/(-14) + -2)?
6
Suppose 6*f = -4*s + 9*f + 3563, 1 = -f. What is the tens digit of s?
9
Suppose 3*t - 4*d = 13702, 3*d + 247 = 2*t - 8887. What is the units digit of t?
0
Suppose 5*d - 11 = -v - 0*d, -2*v = -d - 22. Let b = v + -6. Suppose -b*f + 4*t + 38 = 0, -4 - 2 = -2*f - 3*t. What is the units digit of f?
6
Let q = 44 + -30. Let i(s) = 5*s + 16. What is the tens digit of i(q)?
8
Suppose 4*i - i = 11925. What is the units digit of i?
5
Let w(z) = 25*z**2 - 4*z - 8. What is the hundreds digit of w(-3)?
2
Let u be 36/(-15) + 2 + 486/15. What is the tens digit of -2 - (3 + u)*-1?
3
Let z = 1269 + -783. What is the tens digit of z?
8
Suppose -9*l = -8*l + 5. Let d(k) = -k + 1 - k - k. What is the tens digit of d(l)?
1
Let v(s) be the first derivative of -1/2*s**2 + 8/3*s**3 + s + 2. What is the units digit of v(1)?
8
Suppose 2*z + 18632 = 4*g + 1674, -3*g = 5*z - 12699. What is the tens digit of g?
3
Let b be (-4 + 6)/((-4)/(-14)). Suppose 4*u = b*u. Suppose -4*a - 3*m + 68 = 0, a + u*m = -4*m + 30. What is the tens digit of a?
1
Let n(g) = 2537*g**2 + 5*g - 4. What is the tens digit of n(1)?
3
Let d be ((-4556)/102)/(-1 - (-26)/30). Let a = -163 + d. What is the hundreds digit of a?
1
Let n(r) = -44*r**3 - 15*r - 7. What is the thousands digit of n(-3)?
1
Suppose u + 660 = m + 3*u, 5*m - 5*u = 3240. Let g = -454 + m. What is the units digit of (7/2)/(11/g)?
3
Suppose 17*l + 834 = 19*l. What is the hundreds digit of l?
4
Suppose o + 1 = -0. Let v be o/((-25)/(-10) - 2). What is the tens digit of ((-16)/(-10))/(v/(-35))?
2
Suppose k - 6*y = -11*y + 1120, 1150 = k - y. What is the units digit of k?
5
Let a(p) = 2*p + 13*p**2 - 2*p. Let t(u) = -u**3 + 10*u**2 + 3*u - 28. Let b be t(10). What is the units digit of a(b)?
2
Suppose 0 = -18*k + 13*k + 25. Suppose k*x - 419 = x - 3*u, 4*x - 4*